{"id":82,"date":"2022-06-16T16:08:29","date_gmt":"2022-06-16T16:08:29","guid":{"rendered":"https:\/\/kanku-sho-karate.com\/?page_id=82"},"modified":"2022-06-16T16:08:29","modified_gmt":"2022-06-16T16:08:29","slug":"karate-wettkampf-und-tradition","status":"publish","type":"page","link":"https:\/\/kanku-sho-karate.com\/?page_id=82","title":{"rendered":"KARATE \u2013 Wettkampf und Tradition"},"content":{"rendered":"\n<h1 class=\"wp-block-heading\">KARATE \u2013 Wettkampf und Tradition<\/h1>\n\n\n\n<h3 class=\"wp-block-heading\">Im Karate werden grunds\u00e4tzlich zwei Wettkampfdisziplinen unterschieden: Beim \u201eKumite\u201c (Freikampf) stehen sich zwei&nbsp;Karateka&nbsp;auf einer Kampffl\u00e4che gegen\u00fcber und versuchen, wertbare Sto\u00df-, Schlag- und Trittechniken anzubringen. Die Kriterien sind so gehalten, da\u00df Verletzungen der Kampfpartner ausgeschlossen sind: wer sich nicht daran h\u00e4lt, wird&nbsp;disqualifiziert!<\/h3>\n\n\n\n<p>Die Disziplin \u201eKata\u201c ist eine Abfolge genau festgelegter Angriffs- und Abwehrtechniken gegen mehrere imagin\u00e4re Gegner, die sich aus verschiedenen Richtungen n\u00e4hern. Man unterscheidet rund 50 verschiedene Katas, deren \u00c4sthetik im Einklang von Kampfgeist, Dynamik und Rhythmik&nbsp;liegen.<\/p>\n\n\n\n<p>Manche&nbsp;Kata&nbsp;wurde \u00fcber Jahrhunderte von Generation zu Generation weitergegeben und ist Zeuge der Tradition des&nbsp;Karate.<\/p>\n\n\n\n<p>Jedem Vereinsmitglied ist die Teilnahme an Wettk\u00e4mpfen und Turnieren freigestellt \u2013 ob im&nbsp;Kumite&nbsp;oder in der&nbsp;Kata, das entscheidet jeder&nbsp;selbst!<\/p>\n\n\n\n<p>Quelle: karate.de<\/p>\n","protected":false},"excerpt":{"rendered":"<p>KARATE \u2013 Wettkampf und Tradition Im Karate werden grunds\u00e4tzlich zwei Wettkampfdisziplinen unterschieden: Beim \u201eKumite\u201c (Freikampf) stehen sich zwei&nbsp;Karateka&nbsp;auf einer Kampffl\u00e4che gegen\u00fcber und versuchen, wertbare Sto\u00df-, Schlag- und Trittechniken anzubringen. Die Kriterien sind so gehalten,&#46;&#46;&#46;<\/p>\n","protected":false},"author":1,"featured_media":0,"parent":0,"menu_order":0,"comment_status":"closed","ping_status":"closed","template":"","meta":{"footnotes":""},"class_list":["post-82","page","type-page","status-publish","hentry"],"_links":{"self":[{"href":"https:\/\/kanku-sho-karate.com\/index.php?rest_route=\/wp\/v2\/pages\/82","targetHints":{"allow":["GET"]}}],"collection":[{"href":"https:\/\/kanku-sho-karate.com\/index.php?rest_route=\/wp\/v2\/pages"}],"about":[{"href":"https:\/\/kanku-sho-karate.com\/index.php?rest_route=\/wp\/v2\/types\/page"}],"author":[{"embeddable":true,"href":"https:\/\/kanku-sho-karate.com\/index.php?rest_route=\/wp\/v2\/users\/1"}],"replies":[{"embeddable":true,"href":"https:\/\/kanku-sho-karate.com\/index.php?rest_route=%2Fwp%2Fv2%2Fcomments&post=82"}],"version-history":[{"count":1,"href":"https:\/\/kanku-sho-karate.com\/index.php?rest_route=\/wp\/v2\/pages\/82\/revisions"}],"predecessor-version":[{"id":83,"href":"https:\/\/kanku-sho-karate.com\/index.php?rest_route=\/wp\/v2\/pages\/82\/revisions\/83"}],"wp:attachment":[{"href":"https:\/\/kanku-sho-karate.com\/index.php?rest_route=%2Fwp%2Fv2%2Fmedia&parent=82"}],"curies":[{"name":"wp","href":"https:\/\/api.w.org\/{rel}","templated":true}]}}